 + 296. What is the tens digit of s?
6
Let z(w) = w**2 - w + 1. Let c(s) = 27*s**2 - 3*s + 2. Let j(q) = c(q) - 3*z(q). Let y be 8/(-60) + (-52)/60. What is the units digit of j(y)?
3
Suppose s - 8 = -3*s, s - 227 = -x. Suppose 10*k = 13*k - x. What is the tens digit of k?
7
Let d be ((0/2)/3)/(-3 + 2). Suppose z - 20 - 27 = d. What is the tens digit of z?
4
Suppose -m + 896 = -2*q, -3970 = -4*m + q - 400. What is the units digit of m?
2
Let x(p) = p**3 + 11*p**2 - 6*p + 11. What is the hundreds digit of x(6)?
5
Let z = -112 + 39. Let g = -38 - z. What is the units digit of g?
5
Suppose 0 = -3*n, -3*n = 2*l + 3*l - 5. Let b be (l + 1)/(-1 + 2). Suppose 3*a + b*a - 105 = 0. What is the units digit of a?
1
Let f = 22 - 14. Let i(u) be the first derivative of -u**3/3 + 5*u**2 - 6*u - 19. What is the units digit of i(f)?
0
Suppose 0 = l - 2*p - 603, -5*l - 5*p - 1529 + 4484 = 0. What is the hundreds digit of l?
5
Suppose 1926 = 2*k + 584. What is the units digit of k?
1
Let r = -333 + 445. What is the hundreds digit of r?
1
Let g = 2224 - 1023. What is the thousands digit of g?
1
Let z be 4 + (-54)/14 - (-68)/14. What is the units digit of 1 - (z/(-10))/(1/238)?
0
Let i(s) = -s**2 - 1. Let j(f) = 2*f**2 - 8*f + 10. Let p(v) = -3*i(v) - j(v). Let m be (-1)/4 - 18/(-8) - 11. What is the units digit of p(m)?
2
Let l(t) = -t**3 + 10*t**2 + 11*t + 3. Let x be l(11). Suppose 110 - 38 = -x*p. Let c = p + 52. What is the tens digit of c?
2
Suppose -2*g = -5*y + 1579, -3*g + 203 = -y + 511. What is the tens digit of y?
1
Suppose 3*m = a - 1745, a - 6996 = -3*a - 4*m. What is the units digit of a?
8
Let y(i) = i**2 + 5*i - 5. Let h be y(-6). Let c(l) be the third derivative of 17*l**6/120 + l**5/60 - l**4/24 + l**2. What is the tens digit of c(h)?
1
Suppose -19*i - 34 = -21*i. What is the tens digit of i?
1
Let x(f) = -f - 4. Let o be x(-9). Suppose 5*b = -i + 177, -b + o*i = -3*b + 80. What is the tens digit of b?
3
Suppose 420 = 4*a - r + 5*r, 0 = 3*r + 9. Suppose -10*t + 13*t - a = 0. What is the tens digit of t?
3
Let w = -17 + 42. Let y(s) = 5*s - 3 + 0*s + w - 4*s. What is the tens digit of y(9)?
3
Let m = 14 - 12. Suppose -m*o - 2*i = -18 - 152, o + 2*i - 82 = 0. Suppose 0*j = 4*j - o. What is the units digit of j?
2
Suppose -5*i + 6 + 25 = -2*k, 3*k - 16 = -5*i. Suppose i*d = 370 - 45. What is the units digit of d?
5
Suppose 3*d - 2*c - 2053 = -7*c, -5*d - c = -3407. What is the tens digit of d?
8
Let q(f) = 6*f + 164. What is the units digit of q(-11)?
8
Let v(d) = -d**3 + 11*d**2 - 3*d - 4. What is the tens digit of v(-9)?
4
Suppose 1498 = 7*g - 4473. What is the hundreds digit of g?
8
Suppose 0 = 7*t - 24913 - 35. What is the hundreds digit of t?
5
Suppose 3*d = 5*t + 65 + 24, -2*t = 3*d - 82. Suppose -45 = -10*l + l. Suppose -4*j = -l*o + o - 104, -j + 3*o + d = 0. What is the tens digit of j?
2
Let a be 546/24 + (-3)/4. Suppose 4 = 2*z, -5*y - 4*z = -a - 31. What is the units digit of y?
9
Suppose 0 = -0*j - 3*j - 4*i + 6, 0 = -i. Let t(b) = b + 3*b**3 - b + 4*b - 5 + 7*b**2 - j*b**3. What is the units digit of t(-6)?
7
Suppose -542 = -2*v - 2*l, -l = 4*v - v - 805. Let n = v - 531. What is the units digit of 2/(-8) + n/(-32)?
8
Let p(x) = 29*x + 243. What is the tens digit of p(-4)?
2
Suppose -9 = -3*h, 4*v - 2*h - 2*h = 8. Suppose 0 = 5*d + v*u - 50, -2*d + 0 - 1 = -5*u. What is the units digit of d?
7
Let s be (-2 + 2)/(1 - 4). Suppose 0*d + d = s. Suppose 4*k - 4*a - 228 = d, 2*k - 119 = 2*a + a. What is the units digit of k?
2
Let q(k) = 10*k + 25. Let b be q(12). Let h = b + -84. Suppose -4*c - h = -3*o + c, 2*c + 19 = o. What is the units digit of o?
7
Suppose -7*y - 4*s - 10 = -2*y, 3*y = -5*s - 19. Suppose -y*b + r = 6*r - 259, 4*r = -20. What is the units digit of b?
2
Let s = 34 + -30. Suppose 8*c - s*c = 244. What is the tens digit of c?
6
Let j be -2*6 + (14 - 12). Let k be (0 + -4)/(j/30). Suppose 5*f = 2*f + k. What is the units digit of f?
4
Let g be 0/(4/10*5). Suppose s + s = g. Suppose s = v - 0*v + y - 12, 4*y = v - 17. What is the units digit of v?
3
Let y = 21 - 14. Let q(x) = x**2 - 5*x - 8. Let c be q(y). Suppose 2*m + 128 = c*m. What is the units digit of m?
2
Suppose -2468 = -4*f + 6*s, 5*s + 1575 = 2*f + 345. What is the units digit of f?
0
Suppose q = 6 - 1. Suppose 0 = r, q*r - 11 = -5*n + 379. What is the tens digit of n?
7
Let g(b) = 5 - 29*b + 0*b - 2 + 0 - b**2. What is the hundreds digit of g(-20)?
1
Let m(v) = -v**3 + 9*v**2 - 8*v + 2. Let l be m(8). Suppose 4*u - u - 4*o + 10 = 0, 3*u + 4 = -l*o. What is the units digit of 27 + -2*u/(-4)?
6
Suppose d - 3*g = -7*g + 896, 2*d - 1847 = 3*g. What is the tens digit of d?
1
Let i(x) = -47*x + 13. Let j(v) = 47*v - 13. Let a(g) = 4*i(g) + 3*j(g). What is the units digit of a(-3)?
4
Let b = -5121 - -8034. What is the thousands digit of b?
2
Let l = 237 + 690. What is the tens digit of l?
2
Suppose 0 = 4*f - 4*c - 24, 2*f + 0*c + 3*c = 7. Suppose 70 = f*i - 220. What is the units digit of i?
8
Let o = 11 + -13. What is the units digit of (o - 0) + 160 + 2/(-1)?
6
Let d(y) = -y**3 + 7*y**2 - 5*y - 1. Let m be d(5). Suppose 6*o - 2*o - m = 0. Suppose -5*b = -5*w + 50, -o*w + 3*w = b - 42. What is the units digit of w?
3
Let y(v) = 2*v**3 - 2*v**2 + 8*v + 3. Let a be y(4). Let x = a - 70. What is the units digit of x?
1
Let b be 2/3 - 45/27. Let u(h) = 70*h**2 + 2*h + 1. Let d be u(b). Suppose 0 = 3*y - 2*y - d. What is the units digit of y?
9
Let q = 47 + 127. Suppose -2*w + 34 = -5*m + q, -w - 112 = -4*m. Let t = 74 - m. What is the units digit of t?
6
Let f be (-2 - (-3 - -2))*4. What is the units digit of ((-5)/f)/(10/40)?
5
Let q = 6037 - 2139. What is the tens digit of q?
9
Suppose -1889 = -5*i - j + 40, -3*j - 3 = 0. What is the hundreds digit of i?
3
Let u(n) = -352*n - 51. What is the tens digit of u(-3)?
0
Suppose -5*q - 4 = -4*i - 13, 5*i + 1 = -4*q. Let m(l) = -5 + 0*l**2 + 2 + 4 + 2*l**2. What is the units digit of m(i)?
3
Suppose -k = -2*k - 8. Let y(z) = z**3 + 8*z**2 - 11*z - 1. What is the tens digit of y(k)?
8
Let j = 50 + -47. Let w(m) = -25*m**2 + m. Let b be w(1). What is the units digit of 2484/b*(-2)/j?
9
Suppose 3*w + 1 = -2*x - 2, -8 = w + 3*x. Suppose 2*s - w = 1, -2*d + 4*s = -84. What is the units digit of d/6 + 2/(-6)?
7
What is the units digit of (-21988)/(-20) + (36/(-15) - -2)?
9
Suppose 0 = 6*b - 462 - 270. Suppose 3*z = l - b, -3*z + 34 = l - 118. What is the hundreds digit of l?
1
Let x = 17 + -26. What is the units digit of (-21 - -3)*x/6?
7
Let p(l) = -283*l**3 - 7*l**2 - 5*l + 2. What is the units digit of p(-1)?
3
Suppose 4*p = -2*g + 12, -2 = -3*p + g + 12. What is the tens digit of -4 + p - -1 - -13?
1
Let k(y) = 147*y**3 - 15*y**2 + 45*y - 1. What is the tens digit of k(3)?
6
Let q = 15 - -36. Let y = -28 + q. What is the tens digit of y?
2
Let s = -18 - -20. Suppose 3*f - 52 = -c, c = -3 - s. What is the units digit of f?
9
Suppose -2*u - 366 = 4*u. What is the hundreds digit of (2 - (2 + 1))*2*u?
1
Let l(t) = -3*t**2 + 47*t - 19. What is the tens digit of l(15)?
1
Let f(r) = -r**2 - 15*r - 22. Let l be f(-21). Let g = -22 - l. What is the units digit of g?
6
Suppose 4*s - 735 = -191. Suppose 7*u - 15*u + s = 0. What is the units digit of u?
7
Let f(u) = -2*u**3 + 10*u**2 + 5*u + 2. Suppose x = 2*q - 5 - 5, -2*q + 10 = 4*x. What is the tens digit of f(q)?
2
Suppose -137*f + 122*f + 48540 = 0. What is the thousands digit of f?
3
Suppose -2*b - 3*b = 365. Let i(s) = -2*s**3 - 11*s**2 - 11*s + 8. Let p be i(-6). Let g = p + b. What is the units digit of g?
7
Let q be 59/2 - 14/28. Suppose -5*o + q = 3*c, 5*o = c + 5 + 12. Suppose -22 = -5*v - z, -o*v + z - 4 = -27. What is the units digit of v?
5
Let m = -1331 - -2196. What is the hundreds digit of m?
8
Suppose -1857 = -10*a - 137. What is the units digit of a?
2
Let s(o) = o**2 - o - 3. Let m(d) = d**2 + 7*d - 15. Let n be m(-9). What is the units digit of s(n)?
3
Let p be (-2 - 1) + 1 + 122. Suppose 0 = -3*f + f + p. What is the units digit of f?
0
Let z = 71 - 50. Suppose -144 = -z*f + 20*f. What is the hundreds digit of f?
1
Suppose 0 = -114*u + 113*u + 1164. What is the thousands digit of u?
1
Let p = 1088 - 747. What is the units digit of p?
1
Suppose -6*d + 30 = -5*d. W